{"id":1067,"date":"2019-05-08T12:35:42","date_gmt":"2019-05-08T12:35:42","guid":{"rendered":"http:\/\/hr4free.web-romandie.ch\/?page_id=1067"},"modified":"2022-08-26T17:12:00","modified_gmt":"2022-08-26T17:12:00","slug":"fiches-dauto-coaching-i-audit-de-la-situation-professionnelle-du-cadre","status":"publish","type":"page","link":"https:\/\/hr4free.com\/fr\/Management-Par-le-Coaching\/Fiches-auto-coaching-MPC\/Audit-situation-professionnelle","title":{"rendered":"Fiches d&rsquo;auto-coaching &#8211; I. Audit de la situation professionnelle du cadre"},"content":{"rendered":"<p><a style=\"text-decoration: underline; font-size: 13.008px; line-height: 20.0063px; text-align: justify;\" href=\"https:\/\/hr4free.com\/fr\/Management-Par-le-Coaching\/Livre-MPC&#x2122;\" target=\"_blank\" rel=\"noopener noreferrer\"><img decoding=\"async\" style=\"font-family: 'lucida sans unicode', 'lucida grande', sans-serif; font-size: 16px; line-height: 20.0063px; width: 100px; height: 142px; float: right; margin: 5px;\" src=\"\/sites\/default\/files\/\/Image_MPC_mini.jpg\" alt=\"\" \/><\/a><\/p>\n<p style=\"text-align: justify;\"><span style=\"font-family: 'lucida sans unicode', 'lucida grande', sans-serif;\"><span style=\"font-size: 16px;\"><span style=\"font-size: 18px;\"><strong>\u00c9tape 1: \u00c9valuez votre niveau de comp\u00e9titivit\u00e9<\/strong><\/span><\/span><\/span><\/p>\n<p style=\"text-align: justify;\"><span style=\"font-family: lucida sans unicode,lucida grande,sans-serif;\"><span style=\"font-size: 16px;\"><strong><span style=\"line-height: 17px;\">Votre d\u00e9veloppement individuel<\/span><\/strong><\/span><span style=\"font-size: 16px; line-height: 17px;\"><strong>\u00a0tout comme celui de votre \u00e9quipe, d\u00e9bute par une analyse pr\u00e9cise de votre environnement professionnel.<\/strong>\u00a0M\u00eame si l&rsquo;analyse de vos probl\u00e8mes actuels peut para\u00eetre \u00eatre quelque chose de n\u00e9gatif, cette phase elle est indispensable, car elle porte souvent le germe des solutions futures.<\/span><\/span><\/p>\n<ol>\n<li><span style=\"font-family: 'lucida sans unicode', 'lucida grande', sans-serif;\"><a href=\"https:\/\/hr4free.com\/fr\/Management-Par-le-Coaching\/Fiches-auto-coaching-MPC\/Audit-environnement-professionnel\" target=\"_blank\" rel=\"noopener noreferrer\"><strong><span style=\"font-size: 16px;\">La perception de votre environnement professionnel<\/span><\/strong><\/a><\/span><\/li>\n<li><span style=\"font-family: 'lucida sans unicode', 'lucida grande', sans-serif;\"><strong><span style=\"font-size: 16px;\"><a href=\"https:\/\/hr4free.com\/fr\/Management-Par-le-Coaching\/Fiches-auto-coaching-MPC\/Mondialisation-risques-et-opportunit\u00e9s\" target=\"_blank\" rel=\"noopener noreferrer\"><strong style=\"font-size: 13px;\"><span style=\"font-size: 16px;\">L&rsquo;audit des\u00a0<\/span><\/strong>risques et opportunit\u00e9s de la mondialisation<\/a><\/span><\/strong><\/span><\/li>\n<li><span style=\"font-family: 'lucida sans unicode', 'lucida grande', sans-serif;\"><a href=\"https:\/\/hr4free.com\/fr\/Management-Par-le-Coaching\/Fiches-auto-coaching-MPC\/Rythme-\u00e9volution-organisation\" target=\"_blank\" rel=\"noopener noreferrer\"><strong><span style=\"font-size: 16px;\">L&rsquo;\u00e9valuation du rythme d&rsquo;\u00e9volution de votre organisation<\/span><\/strong><\/a><\/span><\/li>\n<li><span style=\"font-family: 'lucida sans unicode', 'lucida grande', sans-serif;\"><a href=\"https:\/\/hr4free.com\/fr\/Management-Par-le-Coaching\/Fiches-auto-coaching-MPC\/Capacit\u00e9-adaptation-changement\" target=\"_blank\" rel=\"noopener noreferrer\"><strong><span style=\"font-size: 16px;\">L&rsquo;\u00e9valuation de votre capacit\u00e9 d&rsquo;adaptation au changement<\/span><\/strong><\/a><\/span><\/li>\n<li><span style=\"font-family: 'lucida sans unicode', 'lucida grande', sans-serif;\"><a href=\"https:\/\/hr4free.com\/fr\/Management-Par-le-Coaching\/Fiches-auto-coaching-MPC\/Audit-dysfonctionnements-organisation\" target=\"_blank\" rel=\"noopener noreferrer\"><strong style=\"line-height: 1.538em;\"><span style=\"font-size: 16px;\">L&rsquo;audit des dysfonctionnements potentiels de votre organisation<\/span><\/strong><\/a><\/span><\/li>\n<li><span style=\"font-family: 'lucida sans unicode', 'lucida grande', sans-serif;\"><a href=\"https:\/\/hr4free.com\/fr\/Management-Par-le-Coaching\/Fiches-auto-coaching-MPC\/Audit-comp\u00e9tences-humaines-organisation\" target=\"_blank\" rel=\"noopener noreferrer\"><strong><span style=\"font-size: 16px;\">L&rsquo;audit des comp\u00e9tences humaines de l&rsquo;organisation<\/span><\/strong><\/a><\/span><\/li>\n<li><span style=\"font-family: 'lucida sans unicode', 'lucida grande', sans-serif;\"><a href=\"https:\/\/hr4free.com\/fr\/Management-Par-le-Coaching\/Fiches-auto-coaching-MPC\/Audit-niveau-comp\u00e9titivit\u00e9\" target=\"_blank\" rel=\"noopener noreferrer\"><strong><span style=\"font-size: 16px;\">L&rsquo;audit de votre niveau de comp\u00e9titivit\u00e9<\/span><\/strong><\/a><\/span><\/li>\n<\/ol>\n<p style=\"text-align: justify;\"><em style=\"font-family: 'lucida sans unicode', 'lucida grande', sans-serif; text-align: justify; line-height: 1.538em; font-size: 16px;\">Ces exercices sont extraits du livre \u00ab\u00a0Le Management Par le Coaching: le cadre \u00e0 la recherche de ses rep\u00e8res\u00a0\u00bb, publi\u00e9 en 2002 aux \u00c9ditions Pro Mind.<\/em><\/p>\n<p><a style=\"line-height: 1.538em;\" href=\"https:\/\/hr4free.com\/fr\/Management-Par-le-Coaching\/Fiches-auto-coaching-MPC\"><strong><span style=\"font-size: 16px; line-height: 1.538em;\">Fiches d&rsquo;auto-coaching MPC &#8211; Menu principal<\/span><\/strong><\/a><\/p>\n","protected":false},"excerpt":{"rendered":"<p>\u00c9tape 1: \u00c9valuez votre niveau de comp\u00e9titivit\u00e9 Votre d\u00e9veloppement individuel\u00a0tout comme celui de votre \u00e9quipe, d\u00e9bute par une analyse pr\u00e9cise de votre environnement professionnel.\u00a0M\u00eame si l&rsquo;analyse de vos probl\u00e8mes actuels peut para\u00eetre \u00eatre quelque chose de n\u00e9gatif, cette phase elle est indispensable, car elle porte souvent le germe des solutions futures. La perception de votre [&hellip;]<\/p>\n","protected":false},"author":3,"featured_media":0,"parent":0,"menu_order":0,"comment_status":"closed","ping_status":"closed","template":"","meta":{"footnotes":""},"class_list":["post-1067","page","type-page","status-publish","hentry"],"yoast_head":"<!-- This site is optimized with the Yoast SEO plugin v28.3 - https:\/\/yoast.com\/product\/yoast-seo-wordpress\/ -->\n<title>Fiches d&#039;auto-coaching - I. Audit de la situation professionnelle du cadre - HR4Free<\/title>\n<meta name=\"robots\" content=\"noindex, follow, max-snippet:-1, max-image-preview:large, max-video-preview:-1\" \/>\n<meta property=\"og:locale\" content=\"fr_FR\" \/>\n<meta property=\"og:type\" content=\"article\" \/>\n<meta property=\"og:title\" content=\"Fiches d&#039;auto-coaching - I. Audit de la situation professionnelle du cadre - HR4Free\" \/>\n<meta property=\"og:description\" content=\"\u00c9tape 1: \u00c9valuez votre niveau de comp\u00e9titivit\u00e9 Votre d\u00e9veloppement individuel\u00a0tout comme celui de votre \u00e9quipe, d\u00e9bute par une analyse pr\u00e9cise de votre environnement professionnel.\u00a0M\u00eame si l&rsquo;analyse de vos probl\u00e8mes actuels peut para\u00eetre \u00eatre quelque chose de n\u00e9gatif, cette phase elle est indispensable, car elle porte souvent le germe des solutions futures. La perception de votre [&hellip;]\" \/>\n<meta property=\"og:url\" content=\"https:\/\/hr4free.com\/fr\/Management-Par-le-Coaching\/Fiches-auto-coaching-MPC\/Audit-situation-professionnelle\/\" \/>\n<meta property=\"og:site_name\" content=\"HR4Free\" \/>\n<meta property=\"article:modified_time\" content=\"2022-08-26T17:12:00+00:00\" \/>\n<meta name=\"twitter:card\" content=\"summary_large_image\" \/>\n<meta name=\"twitter:label1\" content=\"Dur\u00e9e de lecture estim\u00e9e\" \/>\n\t<meta name=\"twitter:data1\" content=\"1 minute\" \/>\n<script type=\"application\/ld+json\" class=\"yoast-schema-graph\">{\"@context\":\"https:\\\/\\\/schema.org\",\"@graph\":[{\"@type\":\"WebPage\",\"@id\":\"https:\\\/\\\/hr4free.com\\\/fr\\\/Management-Par-le-Coaching\\\/Fiches-auto-coaching-MPC\\\/Audit-situation-professionnelle\\\/\",\"url\":\"https:\\\/\\\/hr4free.com\\\/fr\\\/Management-Par-le-Coaching\\\/Fiches-auto-coaching-MPC\\\/Audit-situation-professionnelle\\\/\",\"name\":\"Fiches d'auto-coaching - I. Audit de la situation professionnelle du cadre - HR4Free\",\"isPartOf\":{\"@id\":\"https:\\\/\\\/hr4free.com\\\/fr\\\/#website\"},\"datePublished\":\"2019-05-08T12:35:42+00:00\",\"dateModified\":\"2022-08-26T17:12:00+00:00\",\"breadcrumb\":{\"@id\":\"https:\\\/\\\/hr4free.com\\\/fr\\\/Management-Par-le-Coaching\\\/Fiches-auto-coaching-MPC\\\/Audit-situation-professionnelle\\\/#breadcrumb\"},\"inLanguage\":\"fr-FR\",\"potentialAction\":[{\"@type\":\"ReadAction\",\"target\":[\"https:\\\/\\\/hr4free.com\\\/fr\\\/Management-Par-le-Coaching\\\/Fiches-auto-coaching-MPC\\\/Audit-situation-professionnelle\\\/\"]}]},{\"@type\":\"BreadcrumbList\",\"@id\":\"https:\\\/\\\/hr4free.com\\\/fr\\\/Management-Par-le-Coaching\\\/Fiches-auto-coaching-MPC\\\/Audit-situation-professionnelle\\\/#breadcrumb\",\"itemListElement\":[{\"@type\":\"ListItem\",\"position\":1,\"name\":\"Accueil\",\"item\":\"https:\\\/\\\/hr4free.com\\\/fr\\\/\"},{\"@type\":\"ListItem\",\"position\":2,\"name\":\"Fiches d&rsquo;auto-coaching &#8211; I. Audit de la situation professionnelle du cadre\"}]},{\"@type\":\"WebSite\",\"@id\":\"https:\\\/\\\/hr4free.com\\\/fr\\\/#website\",\"url\":\"https:\\\/\\\/hr4free.com\\\/fr\\\/\",\"name\":\"HR4Free\",\"description\":\"\",\"potentialAction\":[{\"@type\":\"SearchAction\",\"target\":{\"@type\":\"EntryPoint\",\"urlTemplate\":\"https:\\\/\\\/hr4free.com\\\/fr\\\/?s={search_term_string}\"},\"query-input\":{\"@type\":\"PropertyValueSpecification\",\"valueRequired\":true,\"valueName\":\"search_term_string\"}}],\"inLanguage\":\"fr-FR\"}]}<\/script>\n<!-- \/ Yoast SEO plugin. -->","yoast_head_json":{"title":"Fiches d'auto-coaching - I. Audit de la situation professionnelle du cadre - HR4Free","robots":{"index":"noindex","follow":"follow","max-snippet":"max-snippet:-1","max-image-preview":"max-image-preview:large","max-video-preview":"max-video-preview:-1"},"og_locale":"fr_FR","og_type":"article","og_title":"Fiches d'auto-coaching - I. Audit de la situation professionnelle du cadre - HR4Free","og_description":"\u00c9tape 1: \u00c9valuez votre niveau de comp\u00e9titivit\u00e9 Votre d\u00e9veloppement individuel\u00a0tout comme celui de votre \u00e9quipe, d\u00e9bute par une analyse pr\u00e9cise de votre environnement professionnel.\u00a0M\u00eame si l&rsquo;analyse de vos probl\u00e8mes actuels peut para\u00eetre \u00eatre quelque chose de n\u00e9gatif, cette phase elle est indispensable, car elle porte souvent le germe des solutions futures. La perception de votre [&hellip;]","og_url":"https:\/\/hr4free.com\/fr\/Management-Par-le-Coaching\/Fiches-auto-coaching-MPC\/Audit-situation-professionnelle\/","og_site_name":"HR4Free","article_modified_time":"2022-08-26T17:12:00+00:00","twitter_card":"summary_large_image","twitter_misc":{"Dur\u00e9e de lecture estim\u00e9e":"1 minute"},"schema":{"@context":"https:\/\/schema.org","@graph":[{"@type":"WebPage","@id":"https:\/\/hr4free.com\/fr\/Management-Par-le-Coaching\/Fiches-auto-coaching-MPC\/Audit-situation-professionnelle\/","url":"https:\/\/hr4free.com\/fr\/Management-Par-le-Coaching\/Fiches-auto-coaching-MPC\/Audit-situation-professionnelle\/","name":"Fiches d'auto-coaching - I. Audit de la situation professionnelle du cadre - HR4Free","isPartOf":{"@id":"https:\/\/hr4free.com\/fr\/#website"},"datePublished":"2019-05-08T12:35:42+00:00","dateModified":"2022-08-26T17:12:00+00:00","breadcrumb":{"@id":"https:\/\/hr4free.com\/fr\/Management-Par-le-Coaching\/Fiches-auto-coaching-MPC\/Audit-situation-professionnelle\/#breadcrumb"},"inLanguage":"fr-FR","potentialAction":[{"@type":"ReadAction","target":["https:\/\/hr4free.com\/fr\/Management-Par-le-Coaching\/Fiches-auto-coaching-MPC\/Audit-situation-professionnelle\/"]}]},{"@type":"BreadcrumbList","@id":"https:\/\/hr4free.com\/fr\/Management-Par-le-Coaching\/Fiches-auto-coaching-MPC\/Audit-situation-professionnelle\/#breadcrumb","itemListElement":[{"@type":"ListItem","position":1,"name":"Accueil","item":"https:\/\/hr4free.com\/fr\/"},{"@type":"ListItem","position":2,"name":"Fiches d&rsquo;auto-coaching &#8211; I. Audit de la situation professionnelle du cadre"}]},{"@type":"WebSite","@id":"https:\/\/hr4free.com\/fr\/#website","url":"https:\/\/hr4free.com\/fr\/","name":"HR4Free","description":"","potentialAction":[{"@type":"SearchAction","target":{"@type":"EntryPoint","urlTemplate":"https:\/\/hr4free.com\/fr\/?s={search_term_string}"},"query-input":{"@type":"PropertyValueSpecification","valueRequired":true,"valueName":"search_term_string"}}],"inLanguage":"fr-FR"}]}},"_links":{"self":[{"href":"https:\/\/hr4free.com\/fr\/wp-json\/wp\/v2\/pages\/1067","targetHints":{"allow":["GET"]}}],"collection":[{"href":"https:\/\/hr4free.com\/fr\/wp-json\/wp\/v2\/pages"}],"about":[{"href":"https:\/\/hr4free.com\/fr\/wp-json\/wp\/v2\/types\/page"}],"author":[{"embeddable":true,"href":"https:\/\/hr4free.com\/fr\/wp-json\/wp\/v2\/users\/3"}],"replies":[{"embeddable":true,"href":"https:\/\/hr4free.com\/fr\/wp-json\/wp\/v2\/comments?post=1067"}],"version-history":[{"count":2,"href":"https:\/\/hr4free.com\/fr\/wp-json\/wp\/v2\/pages\/1067\/revisions"}],"predecessor-version":[{"id":5051,"href":"https:\/\/hr4free.com\/fr\/wp-json\/wp\/v2\/pages\/1067\/revisions\/5051"}],"wp:attachment":[{"href":"https:\/\/hr4free.com\/fr\/wp-json\/wp\/v2\/media?parent=1067"}],"curies":[{"name":"wp","href":"https:\/\/api.w.org\/{rel}","templated":true}]}}

<p><a style="text-decoration: underline; font-size: 13.008px; line-height: 20.0063px; text-align: justify;" href="https://hr4free.com/fr/Management-Par-le-Coaching/Livre-MPC&#x2122;" target="_blank" rel="noopener noreferrer"><img decoding="async" style="font-family: 'lucida sans unicode', 'lucida grande', sans-serif; font-size: 16px; line-height: 20.0063px; width: 100px; height: 142px; float: right; margin: 5px;" src="/sites/default/files//Image_MPC_mini.jpg" alt="" /></a></p>
<p style="text-align: justify;"><span style="font-family: 'lucida sans unicode', 'lucida grande', sans-serif;"><span style="font-size: 16px;"><span style="font-size: 18px;"><strong>Étape 1: Évaluez votre niveau de compétitivité</strong></span></span></span></p>
<p style="text-align: justify;"><span style="font-family: lucida sans unicode,lucida grande,sans-serif;"><span style="font-size: 16px;"><strong><span style="line-height: 17px;">Votre développement individuel</span></strong></span><span style="font-size: 16px; line-height: 17px;"><strong> tout comme celui de votre équipe, débute par une analyse précise de votre environnement professionnel.</strong> Même si l&rsquo;analyse de vos problèmes actuels peut paraître être quelque chose de négatif, cette phase elle est indispensable, car elle porte souvent le germe des solutions futures.</span></span></p>
<ol>
<li><span style="font-family: 'lucida sans unicode', 'lucida grande', sans-serif;"><a href="https://hr4free.com/fr/Management-Par-le-Coaching/Fiches-auto-coaching-MPC/Audit-environnement-professionnel" target="_blank" rel="noopener noreferrer"><strong><span style="font-size: 16px;">La perception de votre environnement professionnel</span></strong></a></span></li>
<li><span style="font-family: 'lucida sans unicode', 'lucida grande', sans-serif;"><strong><span style="font-size: 16px;"><a href="https://hr4free.com/fr/Management-Par-le-Coaching/Fiches-auto-coaching-MPC/Mondialisation-risques-et-opportunités" target="_blank" rel="noopener noreferrer"><strong style="font-size: 13px;"><span style="font-size: 16px;">L&rsquo;audit des </span></strong>risques et opportunités de la mondialisation</a></span></strong></span></li>
<li><span style="font-family: 'lucida sans unicode', 'lucida grande', sans-serif;"><a href="https://hr4free.com/fr/Management-Par-le-Coaching/Fiches-auto-coaching-MPC/Rythme-évolution-organisation" target="_blank" rel="noopener noreferrer"><strong><span style="font-size: 16px;">L&rsquo;évaluation du rythme d&rsquo;évolution de votre organisation</span></strong></a></span></li>
<li><span style="font-family: 'lucida sans unicode', 'lucida grande', sans-serif;"><a href="https://hr4free.com/fr/Management-Par-le-Coaching/Fiches-auto-coaching-MPC/Capacité-adaptation-changement" target="_blank" rel="noopener noreferrer"><strong><span style="font-size: 16px;">L&rsquo;évaluation de votre capacité d&rsquo;adaptation au changement</span></strong></a></span></li>
<li><span style="font-family: 'lucida sans unicode', 'lucida grande', sans-serif;"><a href="https://hr4free.com/fr/Management-Par-le-Coaching/Fiches-auto-coaching-MPC/Audit-dysfonctionnements-organisation" target="_blank" rel="noopener noreferrer"><strong style="line-height: 1.538em;"><span style="font-size: 16px;">L&rsquo;audit des dysfonctionnements potentiels de votre organisation</span></strong></a></span></li>
<li><span style="font-family: 'lucida sans unicode', 'lucida grande', sans-serif;"><a href="https://hr4free.com/fr/Management-Par-le-Coaching/Fiches-auto-coaching-MPC/Audit-compétences-humaines-organisation" target="_blank" rel="noopener noreferrer"><strong><span style="font-size: 16px;">L&rsquo;audit des compétences humaines de l&rsquo;organisation</span></strong></a></span></li>
<li><span style="font-family: 'lucida sans unicode', 'lucida grande', sans-serif;"><a href="https://hr4free.com/fr/Management-Par-le-Coaching/Fiches-auto-coaching-MPC/Audit-niveau-compétitivité" target="_blank" rel="noopener noreferrer"><strong><span style="font-size: 16px;">L&rsquo;audit de votre niveau de compétitivité</span></strong></a></span></li>
</ol>
<p style="text-align: justify;"><em style="font-family: 'lucida sans unicode', 'lucida grande', sans-serif; text-align: justify; line-height: 1.538em; font-size: 16px;">Ces exercices sont extraits du livre « Le Management Par le Coaching: le cadre à la recherche de ses repères », publié en 2002 aux Éditions Pro Mind.</em></p>
<p><a style="line-height: 1.538em;" href="https://hr4free.com/fr/Management-Par-le-Coaching/Fiches-auto-coaching-MPC"><strong><span style="font-size: 16px; line-height: 1.538em;">Fiches d&rsquo;auto-coaching MPC &#8211; Menu principal</span></strong></a></p>

<p>Étape 1: Évaluez votre niveau de compétitivité Votre développement individuel tout comme celui de votre équipe, débute par une analyse précise de votre environnement professionnel. Même si l&rsquo;analyse de vos problèmes actuels peut paraître être quelque chose de négatif, cette phase elle est indispensable, car elle porte souvent le germe des solutions futures. La perception de votre [&hellip;]</p>

<!-- This site is optimized with the Yoast SEO plugin v28.3 - https://yoast.com/product/yoast-seo-wordpress/ -->
<title>Fiches d&#039;auto-coaching - I. Audit de la situation professionnelle du cadre - HR4Free</title>
<meta name="robots" content="noindex, follow, max-snippet:-1, max-image-preview:large, max-video-preview:-1" />
<meta property="og:locale" content="fr_FR" />
<meta property="og:type" content="article" />
<meta property="og:title" content="Fiches d&#039;auto-coaching - I. Audit de la situation professionnelle du cadre - HR4Free" />
<meta property="og:description" content="Étape 1: Évaluez votre niveau de compétitivité Votre développement individuel tout comme celui de votre équipe, débute par une analyse précise de votre environnement professionnel. Même si l&rsquo;analyse de vos problèmes actuels peut paraître être quelque chose de négatif, cette phase elle est indispensable, car elle porte souvent le germe des solutions futures. La perception de votre [&hellip;]" />
<meta property="og:url" content="https://hr4free.com/fr/Management-Par-le-Coaching/Fiches-auto-coaching-MPC/Audit-situation-professionnelle/" />
<meta property="og:site_name" content="HR4Free" />
<meta property="article:modified_time" content="2022-08-26T17:12:00+00:00" />
<meta name="twitter:card" content="summary_large_image" />
<meta name="twitter:label1" content="Durée de lecture estimée" />
	<meta name="twitter:data1" content="1 minute" />
<script type="application/ld+json" class="yoast-schema-graph">{"@context":"https:\/\/schema.org","@graph":[{"@type":"WebPage","@id":"https:\/\/hr4free.com\/fr\/Management-Par-le-Coaching\/Fiches-auto-coaching-MPC\/Audit-situation-professionnelle\/","url":"https:\/\/hr4free.com\/fr\/Management-Par-le-Coaching\/Fiches-auto-coaching-MPC\/Audit-situation-professionnelle\/","name":"Fiches d'auto-coaching - I. Audit de la situation professionnelle du cadre - HR4Free","isPartOf":{"@id":"https:\/\/hr4free.com\/fr\/#website"},"datePublished":"2019-05-08T12:35:42+00:00","dateModified":"2022-08-26T17:12:00+00:00","breadcrumb":{"@id":"https:\/\/hr4free.com\/fr\/Management-Par-le-Coaching\/Fiches-auto-coaching-MPC\/Audit-situation-professionnelle\/#breadcrumb"},"inLanguage":"fr-FR","potentialAction":[{"@type":"ReadAction","target":["https:\/\/hr4free.com\/fr\/Management-Par-le-Coaching\/Fiches-auto-coaching-MPC\/Audit-situation-professionnelle\/"]}]},{"@type":"BreadcrumbList","@id":"https:\/\/hr4free.com\/fr\/Management-Par-le-Coaching\/Fiches-auto-coaching-MPC\/Audit-situation-professionnelle\/#breadcrumb","itemListElement":[{"@type":"ListItem","position":1,"name":"Accueil","item":"https:\/\/hr4free.com\/fr\/"},{"@type":"ListItem","position":2,"name":"Fiches d&rsquo;auto-coaching &#8211; I. Audit de la situation professionnelle du cadre"}]},{"@type":"WebSite","@id":"https:\/\/hr4free.com\/fr\/#website","url":"https:\/\/hr4free.com\/fr\/","name":"HR4Free","description":"","potentialAction":[{"@type":"SearchAction","target":{"@type":"EntryPoint","urlTemplate":"https:\/\/hr4free.com\/fr\/?s={search_term_string}"},"query-input":{"@type":"PropertyValueSpecification","valueRequired":true,"valueName":"search_term_string"}}],"inLanguage":"fr-FR"}]}</script>
<!-- / Yoast SEO plugin. -->

Étape 1: Évaluez votre niveau de compétitivité Votre développement individuel tout comme celui de votre équipe, débute par une analyse précise de votre environnement professionnel. Même si l&rsquo;analyse de vos problèmes actuels peut paraître être quelque chose de négatif, cette phase elle est indispensable, car elle porte souvent le germe des solutions futures. La perception de votre [&hellip;]
